 z be d(0). Calculate y(z).
1
Let q(a) = -a**2 - 7*a + 12. Let s be q(-8). Let n(j) = j**2 - 5*j. Calculate n(s).
-4
Let t(w) = -w**3 + w - 11. Suppose i - 4 = -i + r, -4*i = 3*r - 8. Let x be 0*(-2)/i*1. Calculate t(x).
-11
Suppose 0 = 4*x + 3*z - 13, -2*x + 0*x + 3 = 5*z. Let b(m) = -4*m + 0 - 2 + 6 + 2*m. Determine b(x).
-4
Let y(x) = 4*x**2. Let i be y(-1). Let m(b) = -i*b + b**2 + 3 - 5 + 5. Let g(d) = -d**2 + 4*d - 4. Let f(c) = -6*g(c) - 7*m(c). Determine f(3).
6
Let g = -46 - -52. Let h(j) = j**3 - 7*j**2 + 8*j - 7. Determine h(g).
5
Let t(q) be the third derivative of q**5/60 - 5*q**4/24 - 5*q**3/3 - 10*q**2. What is t(7)?
4
Let t(v) = -v**2 + 9*v - 4. Let q be t(9). Let p = q + 6. Let y(g) = g**2 - 2*g**2 + p + 0 - 1. What is y(1)?
0
Let y(q) = -q**3 + 4*q**2 - 4*q. Suppose -3*k + 1 = -2*j + 15, k = 3*j - 14. What is y(j)?
-16
Let c be 3/9 + 52/6. Let b = 11 - c. Let o(k) = k**2 - 5*k - 2. Let f(s) = 1. Let q(l) = -4*f(l) - o(l). What is q(b)?
4
Let m(v) be the third derivative of -v**7/5040 + v**6/180 - v**5/60 - 4*v**2. Let q(z) be the third derivative of m(z). What is q(-3)?
7
Let v(y) = y**2 - 10*y + 9. Let i be v(7). Let p(f) = -f - 14. Let m be p(i). Let h(x) = -3*x + 2. Determine h(m).
8
Let j(n) = -2*n**2 - 2*n + 2. Let v(r) = 3*r**2 + 3*r - 3. Let l(o) = -5*j(o) - 3*v(o). Determine l(3).
11
Let w(o) = -o**2 + 3*o - 1. Suppose -6 - 9 = -5*d. Let t be (-6)/(-3) - (-6)/d. Determine w(t).
-5
Suppose -4*s = -34 + 14, -3*s + 20 = -5*z. Let h = 3 + z. Let d(m) = 0*m - 5*m**3 - 2*m**h + m**2 - m - m**2. Give d(-1).
4
Let j(q) = q. Let b be j(-1). Let u = -3 - b. Let v(s) = 4*s + 2. Give v(u).
-6
Let p(l) = -2*l**2 + 2. Let n be (8/(-5))/((-14)/175). Let u be 10/(-4)*(-16)/n. What is p(u)?
-6
Suppose 5*z - 14 = p, 2*z - 16 = -3*z - p. Let k = z - 6. Let l = k - -3. Let s(q) = -q + 9. Calculate s(l).
9
Suppose 8*k - 10 = 3*k. Let r(m) = 0*m - k - 3*m + 2 + 4. Give r(3).
-5
Let y(k) = k**3 - k**2 - 4*k. Suppose -3 = -4*m + 3*m. What is y(m)?
6
Let j(v) = v**2 - 3*v - 3. Let w be 8/(-16)*(25 + -1). Let g be w/(-20) - 13/5. Determine j(g).
7
Let s be 1/2 - 22/(-4). Let l(o) = -o**3 + 0*o**3 + 2 - s*o**2 + 6*o - 9 + 2*o**3. Calculate l(5).
-2
Let c be 1/(-3)*(-17 + -1). Let b(w) = -5*w**2 + 16 - 2*w - w**2 + w**3 - 16. What is b(c)?
-12
Suppose 3*a + 17 = 20. Let m(c) = 4*c**2 - c. Calculate m(a).
3
Let a(g) = g**3 - 6*g**2 - g - 1. Suppose -u + 24 = 3*u. Give a(u).
-7
Let g(u) = 0*u - 1 + 0*u - 4*u - u. Calculate g(1).
-6
Let l(a) = -a**3 + 7*a**2 - 6*a + 2. Let i(n) = 2 - 6*n + 11*n - 4 - 6*n**2 + n**3. Let r = -5 + 2. Let s(o) = r*l(o) - 4*i(o). Determine s(3).
-4
Let k(b) = -2*b + 6 - 2 + 0 + 4. Let t(s) = 9 + 4*s - 3*s - 3*s. Let i(g) = -6*k(g) + 5*t(g). Calculate i(4).
5
Let o = -1 + 1. Let u(g) = -4 - 3 - g - 1. What is u(o)?
-8
Let s(o) be the first derivative of -5*o**2/2 + o - 1. What is s(-2)?
11
Let t(n) = 12*n - 17. Let k(x) = 18*x - 26. Let q(a) = -5*k(a) + 8*t(a). Calculate q(4).
18
Let l(r) = 6*r - 3. Let a(s) = 2*s + 26. Let y be a(-12). Determine l(y).
9
Suppose -r - 2*r = -4*h - 40, -5 = 3*h + 4*r. Let m(z) = 2*z + 7. Determine m(h).
-7
Let u(r) = r**2 - 6*r + 6. Let v be u(5). Let y be (0 + -1)*v + 4. Let w(p) = 3*p - 5 + 1 - p**3 + 3 + y*p**2 + 3. Determine w(4).
-2
Let s(j) = -j + 7. Suppose -3*g = -6*g + 9. Let q be 5 - g - (-2 - 1). What is s(q)?
2
Suppose 3*u - 9 = k, 3*u + 1 - 4 = 3*k. Let w(y) be the second derivative of y**4/12 - y**3/6 + 2*y. Give w(k).
6
Let h(k) = -3 + 32*k - 1 + 8 - 30*k. Let f(n) = n**2 + 5*n. Let s be f(-4). Calculate h(s).
-4
Let g = -40 + 46. Let z(d) = -d**3 + 7*d**2 - 6*d + 9. What is z(g)?
9
Let p(n) = -n**3 + n**2 - n. Suppose -3*j + 100 = 2*j. Let c be (-14)/(-10) - 8/j. Determine p(c).
-1
Suppose 3*x - 16 = -5*j + 4, 2*j - 3*x = 8. Let i(v) = -7*v + 2*v**2 + 5 - 3*v + j*v. Give i(4).
13
Let j(f) = 9*f**3 - f**2 + f. Let l(u) = u**2 + 5*u + 5. Let t(v) = -2*v**2 - 10*v - 11. Let m(d) = -5*l(d) - 2*t(d). Let b be m(-4). What is j(b)?
9
Let c(q) be the second derivative of q**5/20 - q**4/4 - q**3/3 - q**2/2 - 2*q. Calculate c(4).
7
Let m(k) = -2*k**2 - 2*k - 7 + 3 + 0. What is m(-3)?
-16
Let v(c) be the first derivative of c**4/4 - c**3 - 5*c**2/2 + 5*c + 93. Suppose n - 1 = 3. Calculate v(n).
1
Suppose -5*k - 7 + 3 = -4*q, -3 = -3*q - 3*k. Let x(d) = 5*d. Calculate x(q).
5
Let y = 11 - 8. Let b(m) = -5*m + 5*m - y*m + 6. Determine b(4).
-6
Let q(c) = c - 1. Let t be 3/(-21) - (-15)/7. Suppose -t*u + 2*v = 0, u + 0*u = 3*v + 10. Determine q(u).
-6
Let t be 0 - (-2 + 3 - -1). Let u(l) = 2*l - 2. Calculate u(t).
-6
Let l be ((-4)/(-6) + 4/(-6))/(-2). Let o(d) = d - 7. Determine o(l).
-7
Let w(d) = 8*d - 15 + 21 - 5*d**2 + 6*d**2 - 13. Calculate w(-9).
2
Let l(r) = -r**3 + 4*r**2 - 2*r - 4. Let m(h) = -h**2 + 8*h + 10. Let f be m(9). Suppose x - f - 2 = 0. Determine l(x).
-1
Suppose 2*u + 11 = o, -3*o = -4*u + 5*u - 12. Let q(j) = -3*j**3 - j**2 + j + 1. Let s be q(-1). Let t(m) = -m**s - 4*m - 5 + 2*m + 8. Give t(u).
0
Let o = 30 - 35. Let g(m) = m + 10. Determine g(o).
5
Let a = -93 + 93. Let y(g) = g**3 + g**2 + g + 11. Calculate y(a).
11
Let t(c) = 1 + 5*c**2 + 0*c + 0*c. Let g(h) = -h - 8. Let w = -21 - -12. Let n be g(w). Calculate t(n).
6
Let n(o) = 2*o**2 - 2*o - 2. Let f be n(3). Let m be ((-16)/20)/((-4)/f). Let g(v) = 6*v - 3. Calculate g(m).
9
Let t(g) = 6*g - 5*g - 10 - 3*g + 6. Give t(4).
-12
Let t(k) be the third derivative of k**5/60 + 5*k**4/24 + k**3/6 + 18*k**2. Calculate t(-4).
-3
Suppose 7 + 3 = 5*m. Suppose 0 = t - 2*t - m. Let n(s) = -s**3 - 2*s**2 + s - 2. Give n(t).
-4
Suppose 8*c - 3*c = 30. Let h(k) be the third derivative of 0*k**3 + 1/24*k**4 + 1/20*k**5 + 1/120*k**c + 0 - 3*k**2 + 0*k. What is h(-2)?
2
Let y = -4 - -4. Suppose y = -5*k + 5*p + 35, -5*p = -0*p + 20. Suppose -q - 3 = 2*j, k*j = 3*q - 8*q - 1. Let a(z) = -z**3 - 3*z**2 + 2*z + 2. Give a(j).
-6
Let m be 1 - 0*3/(-9). Let n = 2 - m. Let a be (n - 1)/((-8)/(-4)). Let v(o) = o**2 + o - 4. What is v(a)?
-4
Let s(u) be the third derivative of -u**5/15 + 7*u**2. Determine s(1).
-4
Suppose -x - 5 = 5*m - 6*x, -m + 5*x = 1. Let q be (2 + -1)/(m - -2). Let n(y) = 25*y - 24. Let h(c) = 13*c - 13. Let b(g) = -11*h(g) + 6*n(g). What is b(q)?
6
Let t(o) = 13 + o**2 + 0 - 11 + 5*o - o. Calculate t(-5).
7
Let g(j) = j**3 - 4*j**2 - 4*j - 2. Let y be g(5). Let z(u) be the second derivative of -u + 5/2*u**2 - 1/12*u**4 - 2/3*u**y + 0. Calculate z(-5).
0
Let b(o) be the third derivative of o**4/24 - o**3/3 + 7*o**2. Calculate b(3).
1
Let m(q) = q - 6. Let s be m(7). Let u be s + (-1)/(-3 - -2). Let c(t) = -4 - 2*t**2 + 0*t**2 + 0*t**2 - 6*t + t**u. What is c(-3)?
5
Let h(j) = -10*j**2 - 10*j - 4. Let v(q) = -3*q**2 - 3*q - 1. Let u(c) = 2*h(c) - 7*v(c). What is u(1)?
1
Let v(f) be the first derivative of 1/60*f**5 + 0*f**2 + 0*f - f**3 + 1/12*f**4 - 1. Let b(x) be the third derivative of v(x). Determine b(2).
6
Suppose -5*g = 26 - 1. Let i(q) be the first derivative of -q**2 - 7*q - 2. Calculate i(g).
3
Suppose -2*j + 4*v = 22, -2*j - 19 = -j - 4*v. Let d(w) = -3*w. Give d(j).
9
Let k(l) = -34*l - 38*l - 5*l**2 + 73*l. Determine k(1).
-4
Let x be (-2)/((-1)/1)*-2. Let s(b) be the second derivative of b**6/720 + b**5/60 - b**4/2 + 2*b. Let q(u) be the third derivative of s(u). What is q(x)?
-2
Let r(c) = 9*c + 12. Let x = -10 - -5. Let z(q) = q - 1. Let t(i) = 6*i - 13. Let o(m) = -2*t(m) + 18*z(m). Let n(d) = x*r(d) + 8*o(d). Calculate n(-3).
-5
Let h = -1 - -2. Let l = h + 1. Let b(c) = -3*c + 0*c + l*c. Give b(5).
-5
Let g = 1 - 0. Let r(t) = t**2 + 9*t + 1. Let j(n) = n. Let q(f) = g*r(f) - 4*j(f). Suppose 4*k + 4*d - 14 + 38 = 0, -23 = 4*k + 3*d. What is q(k)?
1
Let m(y) be the second derivative of 0 + 1/20*y**5 + 3/2*y**2 - 1/2*y**4 - 3*y + 1/3*y**3. Give m(5).
-12
Let x = 79 - 76. Let b(z) = -2*z - 2. Calculate b(x).
-8
Let p(t) = 7*t**2 - 5 - 9*t**2 - 6*t + t**3 + 2. Let g(n) = -n**3 + 2*n**2 + 5*n + 2. Let l(o) = 6*g(o) + 5*p(o). Give l(3).
-12
Let f(o) be the first derivative of -o**4/4 + 2*o**3 + 7*o**2/2 + 4*o + 12. Calculate f(7).
4
Let a(m) = -m**2 - 7*m. Let p be a(-6). Suppose -p = 5*f + 4*c, -5*f - 3*c + 6 = -2*c. Let q(j) = -j**2 - 1. Give q(f).
-5
Suppose r - 15 = -4*r - 5*q, r + 2*q - 3 =